{"version":"1.0","provider_name":"Grazia M\u00e9xico y Latinoam\u00e9rica","provider_url":"https:\/\/graziamagazine.com\/mx","author_name":"Karen Cota","author_url":"https:\/\/graziamagazine.com\/mx\/author\/karecotasoto\/","title":"Proh\u00edben la entrada a influencers en esta cafeter\u00eda de Brooklyn","type":"rich","width":600,"height":338,"html":"<blockquote class=\"wp-embedded-content\" data-secret=\"fbT5JvO4kg\"><a href=\"https:\/\/graziamagazine.com\/mx\/articles\/prohiben-entrada-influencers-esta-cafeteria-brooklyn\/\">Proh\u00edben la entrada a influencers en esta cafeter\u00eda de Brooklyn<\/a><\/blockquote><iframe sandbox=\"allow-scripts\" security=\"restricted\" src=\"https:\/\/graziamagazine.com\/mx\/articles\/prohiben-entrada-influencers-esta-cafeteria-brooklyn\/embed\/#?secret=fbT5JvO4kg\" width=\"600\" height=\"338\" title=\"&#8220;Proh\u00edben la entrada a influencers en esta cafeter\u00eda de Brooklyn&#8221; &#8212; Grazia M\u00e9xico y Latinoam\u00e9rica\" data-secret=\"fbT5JvO4kg\" frameborder=\"0\" marginwidth=\"0\" marginheight=\"0\" scrolling=\"no\" class=\"wp-embedded-content\"><\/iframe><script type=\"text\/javascript\">\n\/* <![CDATA[ *\/\n\/*! This file is auto-generated *\/\n!function(d,l){\"use strict\";l.querySelector&&d.addEventListener&&\"undefined\"!=typeof URL&&(d.wp=d.wp||{},d.wp.receiveEmbedMessage||(d.wp.receiveEmbedMessage=function(e){var t=e.data;if((t||t.secret||t.message||t.value)&&!\/[^a-zA-Z0-9]\/.test(t.secret)){for(var s,r,n,a=l.querySelectorAll('iframe[data-secret=\"'+t.secret+'\"]'),o=l.querySelectorAll('blockquote[data-secret=\"'+t.secret+'\"]'),c=new RegExp(\"^https?:$\",\"i\"),i=0;i<o.length;i++)o[i].style.display=\"none\";for(i=0;i<a.length;i++)s=a[i],e.source===s.contentWindow&&(s.removeAttribute(\"style\"),\"height\"===t.message?(1e3<(r=parseInt(t.value,10))?r=1e3:~~r<200&&(r=200),s.height=r):\"link\"===t.message&&(r=new URL(s.getAttribute(\"src\")),n=new URL(t.value),c.test(n.protocol))&&n.host===r.host&&l.activeElement===s&&(d.top.location.href=t.value))}},d.addEventListener(\"message\",d.wp.receiveEmbedMessage,!1),l.addEventListener(\"DOMContentLoaded\",function(){for(var e,t,s=l.querySelectorAll(\"iframe.wp-embedded-content\"),r=0;r<s.length;r++)(t=(e=s[r]).getAttribute(\"data-secret\"))||(t=Math.random().toString(36).substring(2,12),e.src+=\"#?secret=\"+t,e.setAttribute(\"data-secret\",t)),e.contentWindow.postMessage({message:\"ready\",secret:t},\"*\")},!1)))}(window,document);\n\/* ]]> *\/\n<\/script>\n","thumbnail_url":"https:\/\/graziamagazine.com\/mx\/wp-content\/uploads\/sites\/13\/2023\/10\/WhatsApp-Image-2023-10-10-at-10.12.56-PM-e1696998189610.jpeg","thumbnail_width":1124,"thumbnail_height":720,"description":"Dae, es una cafeter\u00eda y tienda ubicada en Brooklyn, Nueva York, y a pesar de que todo lo que puedes encontrar en ella es digno de capturar en una"}

Grazia México y Latinoamérica

Prohíben la entrada a influencers en esta cafetería de Brooklyn

<blockquote class="wp-embedded-content" data-secret="fbT5JvO4kg"><a href="https://graziamagazine.com/mx/articles/prohiben-entrada-influencers-esta-cafeteria-brooklyn/">Prohíben la entrada a influencers en esta cafetería de Brooklyn</a></blockquote><iframe sandbox="allow-scripts" security="restricted" src="https://graziamagazine.com/mx/articles/prohiben-entrada-influencers-esta-cafeteria-brooklyn/embed/#?secret=fbT5JvO4kg" width="600" height="338" title="&#8220;Prohíben la entrada a influencers en esta cafetería de Brooklyn&#8221; &#8212; Grazia México y Latinoamérica" data-secret="fbT5JvO4kg" frameborder="0" marginwidth="0" marginheight="0" scrolling="no" class="wp-embedded-content"></iframe><script type="text/javascript">
/* <![CDATA[ */
/*! This file is auto-generated */
!function(d,l){"use strict";l.querySelector&&d.addEventListener&&"undefined"!=typeof URL&&(d.wp=d.wp||{},d.wp.receiveEmbedMessage||(d.wp.receiveEmbedMessage=function(e){var t=e.data;if((t||t.secret||t.message||t.value)&&!/[^a-zA-Z0-9]/.test(t.secret)){for(var s,r,n,a=l.querySelectorAll('iframe[data-secret="'+t.secret+'"]'),o=l.querySelectorAll('blockquote[data-secret="'+t.secret+'"]'),c=new RegExp("^https?:$","i"),i=0;i<o.length;i++)o[i].style.display="none";for(i=0;i<a.length;i++)s=a[i],e.source===s.contentWindow&&(s.removeAttribute("style"),"height"===t.message?(1e3<(r=parseInt(t.value,10))?r=1e3:~~r<200&&(r=200),s.height=r):"link"===t.message&&(r=new URL(s.getAttribute("src")),n=new URL(t.value),c.test(n.protocol))&&n.host===r.host&&l.activeElement===s&&(d.top.location.href=t.value))}},d.addEventListener("message",d.wp.receiveEmbedMessage,!1),l.addEventListener("DOMContentLoaded",function(){for(var e,t,s=l.querySelectorAll("iframe.wp-embedded-content"),r=0;r<s.length;r++)(t=(e=s[r]).getAttribute("data-secret"))||(t=Math.random().toString(36).substring(2,12),e.src+="#?secret="+t,e.setAttribute("data-secret",t)),e.contentWindow.postMessage({message:"ready",secret:t},"*")},!1)))}(window,document);
/* ]]> */
</script>

Dae, es una cafetería y tienda ubicada en Brooklyn, Nueva York, y a pesar de que todo lo que puedes encontrar en ella es digno de capturar en una
