{"id":84736,"date":"2016-09-08T14:14:09","date_gmt":"2016-09-08T12:14:09","guid":{"rendered":"https:\/\/graziamagazine.com\/es\/?page_id=84736"},"modified":"2016-09-08T14:35:25","modified_gmt":"2016-09-08T12:35:25","slug":"primavera-verano-2017-pret-porter","status":"publish","type":"page","link":"https:\/\/graziamagazine.com\/es\/primavera-verano-2017-pret-porter\/","title":{"rendered":"Primavera-Verano 2017: Pr\u00eat-\u00e0-Porter"},"content":{"rendered":"","protected":false},"excerpt":{"rendered":"","protected":false},"author":21500,"featured_media":0,"parent":0,"menu_order":11,"comment_status":"closed","ping_status":"closed","template":"template-temporada.php","meta":{"jetpack_post_was_ever_published":false,"ep_exclude_from_search":false,"footnotes":""},"acf":[],"yoast_head":"<!-- This site is optimized with the Yoast SEO Premium plugin v18.5 (Yoast SEO v20.4) - https:\/\/yoast.com\/wordpress\/plugins\/seo\/ -->\n<title>Primavera-Verano 2017: Pr\u00eat-\u00e0-Porter | Grazia<\/title>\n<meta name=\"description\" content=\"Nueva York, Londres, Mil\u00e1n, Par\u00eds y Madrid. Todas las im\u00e1genes de los desfiles con las tendencias para el pr\u00f3ximo verano. En directo y a un clic.\" \/>\n<meta name=\"robots\" content=\"index, follow, max-snippet:-1, max-image-preview:large, max-video-preview:-1\" \/>\n<link rel=\"canonical\" href=\"https:\/\/graziamagazine.com\/es\/primavera-verano-2017-pret-porter\/\" \/>\n<meta property=\"og:locale\" content=\"es_ES\" \/>\n<meta property=\"og:type\" content=\"article\" \/>\n<meta property=\"og:title\" content=\"Primavera-Verano 2017: Pr\u00eat-\u00e0-Porter\" \/>\n<meta property=\"og:description\" content=\"Nueva York, Londres, Mil\u00e1n, Par\u00eds y Madrid. Todas las im\u00e1genes de los desfiles con las tendencias para el pr\u00f3ximo verano. En directo y a un clic.\" \/>\n<meta property=\"og:url\" content=\"https:\/\/graziamagazine.com\/es\/primavera-verano-2017-pret-porter\/\" \/>\n<meta property=\"og:site_name\" content=\"Grazia\" \/>\n<meta property=\"article:modified_time\" content=\"2016-09-08T12:35:25+00:00\" \/>\n<meta property=\"og:image\" content=\"https:\/\/graziamagazine.com\/es\/wp-content\/uploads\/sites\/12\/2016\/09\/07085354\/GettyImages-118287133.jpg?fit=4896%2C3264\" \/>\n\t<meta property=\"og:image:width\" content=\"4896\" \/>\n\t<meta property=\"og:image:height\" content=\"3264\" \/>\n\t<meta property=\"og:image:type\" content=\"image\/jpeg\" \/>\n<meta name=\"twitter:card\" content=\"summary_large_image\" \/>\n<meta name=\"twitter:title\" content=\"Primavera-Verano 2017: Pr\u00eat-\u00e0-Porter\" \/>\n<meta name=\"twitter:description\" content=\"Nueva York, Londres, Mil\u00e1n, Par\u00eds y Madrid. Todas las im\u00e1genes de los desfiles con las tendencias para el pr\u00f3ximo verano. En directo y a un clic.\" \/>\n<meta name=\"twitter:image\" content=\"http:\/\/s3-eu-west-1.amazonaws.com\/grazia-cdn\/wp-content\/uploads\/sites\/12\/2016\/09\/07085354\/GettyImages-118287133.jpg\" \/>\n<script type=\"application\/ld+json\" class=\"yoast-schema-graph\">{\"@context\":\"https:\/\/schema.org\",\"@graph\":[{\"@type\":\"WebPage\",\"@id\":\"https:\/\/graziamagazine.com\/es\/primavera-verano-2017-pret-porter\/\",\"url\":\"https:\/\/graziamagazine.com\/es\/primavera-verano-2017-pret-porter\/\",\"name\":\"Primavera-Verano 2017: Pr\u00eat-\u00e0-Porter | Grazia\",\"isPartOf\":{\"@id\":\"https:\/\/graziamagazine.com\/es\/#website\"},\"datePublished\":\"2016-09-08T12:14:09+00:00\",\"dateModified\":\"2016-09-08T12:35:25+00:00\",\"description\":\"Nueva York, Londres, Mil\u00e1n, Par\u00eds y Madrid. Todas las im\u00e1genes de los desfiles con las tendencias para el pr\u00f3ximo verano. En directo y a un clic.\",\"breadcrumb\":{\"@id\":\"https:\/\/graziamagazine.com\/es\/primavera-verano-2017-pret-porter\/#breadcrumb\"},\"inLanguage\":\"es\",\"potentialAction\":[{\"@type\":\"ReadAction\",\"target\":[\"https:\/\/graziamagazine.com\/es\/primavera-verano-2017-pret-porter\/\"]}]},{\"@type\":\"BreadcrumbList\",\"@id\":\"https:\/\/graziamagazine.com\/es\/primavera-verano-2017-pret-porter\/#breadcrumb\",\"itemListElement\":[{\"@type\":\"ListItem\",\"position\":1,\"name\":\"Portada\",\"item\":\"https:\/\/graziamagazine.com\/es\/\"},{\"@type\":\"ListItem\",\"position\":2,\"name\":\"Primavera-Verano 2017: Pr\u00eat-\u00e0-Porter\"}]},{\"@type\":\"WebSite\",\"@id\":\"https:\/\/graziamagazine.com\/es\/#website\",\"url\":\"https:\/\/graziamagazine.com\/es\/\",\"name\":\"Grazia\",\"description\":\"Moda, belleza, celebrities, estilo de vida...\",\"potentialAction\":[{\"@type\":\"SearchAction\",\"target\":{\"@type\":\"EntryPoint\",\"urlTemplate\":\"https:\/\/graziamagazine.com\/es\/?s={search_term_string}\"},\"query-input\":\"required name=search_term_string\"}],\"inLanguage\":\"es\"}]}<\/script>\n<!-- \/ Yoast SEO Premium plugin. -->","yoast_head_json":{"title":"Primavera-Verano 2017: Pr\u00eat-\u00e0-Porter | Grazia","description":"Nueva York, Londres, Mil\u00e1n, Par\u00eds y Madrid. Todas las im\u00e1genes de los desfiles con las tendencias para el pr\u00f3ximo verano. En directo y a un clic.","robots":{"index":"index","follow":"follow","max-snippet":"max-snippet:-1","max-image-preview":"max-image-preview:large","max-video-preview":"max-video-preview:-1"},"canonical":"https:\/\/graziamagazine.com\/es\/primavera-verano-2017-pret-porter\/","og_locale":"es_ES","og_type":"article","og_title":"Primavera-Verano 2017: Pr\u00eat-\u00e0-Porter","og_description":"Nueva York, Londres, Mil\u00e1n, Par\u00eds y Madrid. Todas las im\u00e1genes de los desfiles con las tendencias para el pr\u00f3ximo verano. En directo y a un clic.","og_url":"https:\/\/graziamagazine.com\/es\/primavera-verano-2017-pret-porter\/","og_site_name":"Grazia","article_modified_time":"2016-09-08T12:35:25+00:00","og_image":[{"width":4896,"height":3264,"url":"https:\/\/graziamagazine.com\/es\/wp-content\/uploads\/sites\/12\/2016\/09\/07085354\/GettyImages-118287133.jpg?fit=4896%2C3264","type":"image\/jpeg"}],"twitter_card":"summary_large_image","twitter_title":"Primavera-Verano 2017: Pr\u00eat-\u00e0-Porter","twitter_description":"Nueva York, Londres, Mil\u00e1n, Par\u00eds y Madrid. Todas las im\u00e1genes de los desfiles con las tendencias para el pr\u00f3ximo verano. En directo y a un clic.","twitter_image":"http:\/\/s3-eu-west-1.amazonaws.com\/grazia-cdn\/wp-content\/uploads\/sites\/12\/2016\/09\/07085354\/GettyImages-118287133.jpg","schema":{"@context":"https:\/\/schema.org","@graph":[{"@type":"WebPage","@id":"https:\/\/graziamagazine.com\/es\/primavera-verano-2017-pret-porter\/","url":"https:\/\/graziamagazine.com\/es\/primavera-verano-2017-pret-porter\/","name":"Primavera-Verano 2017: Pr\u00eat-\u00e0-Porter | Grazia","isPartOf":{"@id":"https:\/\/graziamagazine.com\/es\/#website"},"datePublished":"2016-09-08T12:14:09+00:00","dateModified":"2016-09-08T12:35:25+00:00","description":"Nueva York, Londres, Mil\u00e1n, Par\u00eds y Madrid. Todas las im\u00e1genes de los desfiles con las tendencias para el pr\u00f3ximo verano. En directo y a un clic.","breadcrumb":{"@id":"https:\/\/graziamagazine.com\/es\/primavera-verano-2017-pret-porter\/#breadcrumb"},"inLanguage":"es","potentialAction":[{"@type":"ReadAction","target":["https:\/\/graziamagazine.com\/es\/primavera-verano-2017-pret-porter\/"]}]},{"@type":"BreadcrumbList","@id":"https:\/\/graziamagazine.com\/es\/primavera-verano-2017-pret-porter\/#breadcrumb","itemListElement":[{"@type":"ListItem","position":1,"name":"Portada","item":"https:\/\/graziamagazine.com\/es\/"},{"@type":"ListItem","position":2,"name":"Primavera-Verano 2017: Pr\u00eat-\u00e0-Porter"}]},{"@type":"WebSite","@id":"https:\/\/graziamagazine.com\/es\/#website","url":"https:\/\/graziamagazine.com\/es\/","name":"Grazia","description":"Moda, belleza, celebrities, estilo de vida...","potentialAction":[{"@type":"SearchAction","target":{"@type":"EntryPoint","urlTemplate":"https:\/\/graziamagazine.com\/es\/?s={search_term_string}"},"query-input":"required name=search_term_string"}],"inLanguage":"es"}]}},"jetpack_sharing_enabled":true,"distributor_meta":false,"distributor_terms":false,"distributor_media":false,"distributor_original_site_name":"Grazia","distributor_original_site_url":"https:\/\/graziamagazine.com\/es","push-errors":false,"amp_enabled":false,"_links":{"self":[{"href":"https:\/\/graziamagazine.com\/es\/wp-json\/wp\/v2\/pages\/84736"}],"collection":[{"href":"https:\/\/graziamagazine.com\/es\/wp-json\/wp\/v2\/pages"}],"about":[{"href":"https:\/\/graziamagazine.com\/es\/wp-json\/wp\/v2\/types\/page"}],"author":[{"embeddable":true,"href":"https:\/\/graziamagazine.com\/es\/wp-json\/wp\/v2\/users\/21500"}],"replies":[{"embeddable":true,"href":"https:\/\/graziamagazine.com\/es\/wp-json\/wp\/v2\/comments?post=84736"}],"version-history":[{"count":"1","href":"https:\/\/graziamagazine.com\/es\/wp-json\/wp\/v2\/pages\/84736\/revisions"}],"predecessor-version":[{"id":84742,"href":"https:\/\/graziamagazine.com\/es\/wp-json\/wp\/v2\/pages\/84736\/revisions\/84742"}],"wp:attachment":[{"href":"https:\/\/graziamagazine.com\/es\/wp-json\/wp\/v2\/media?parent=84736"}],"curies":[{"name":"wp","href":"https:\/\/api.w.org\/{rel}","templated":true}]}}

Primavera-Verano 2017: Prêt-à-Porter

<!-- This site is optimized with the Yoast SEO Premium plugin v18.5 (Yoast SEO v20.4) - https://yoast.com/wordpress/plugins/seo/ -->
<title>Primavera-Verano 2017: Prêt-à-Porter | Grazia</title>
<meta name="description" content="Nueva York, Londres, Milán, París y Madrid. Todas las imágenes de los desfiles con las tendencias para el próximo verano. En directo y a un clic." />
<meta name="robots" content="index, follow, max-snippet:-1, max-image-preview:large, max-video-preview:-1" />
<link rel="canonical" href="https://graziamagazine.com/es/primavera-verano-2017-pret-porter/" />
<meta property="og:locale" content="es_ES" />
<meta property="og:type" content="article" />
<meta property="og:title" content="Primavera-Verano 2017: Prêt-à-Porter" />
<meta property="og:description" content="Nueva York, Londres, Milán, París y Madrid. Todas las imágenes de los desfiles con las tendencias para el próximo verano. En directo y a un clic." />
<meta property="og:url" content="https://graziamagazine.com/es/primavera-verano-2017-pret-porter/" />
<meta property="og:site_name" content="Grazia" />
<meta property="article:modified_time" content="2016-09-08T12:35:25+00:00" />
<meta property="og:image" content="https://graziamagazine.com/es/wp-content/uploads/sites/12/2016/09/07085354/GettyImages-118287133.jpg?fit=4896%2C3264" />
	<meta property="og:image:width" content="4896" />
	<meta property="og:image:height" content="3264" />
	<meta property="og:image:type" content="image/jpeg" />
<meta name="twitter:card" content="summary_large_image" />
<meta name="twitter:title" content="Primavera-Verano 2017: Prêt-à-Porter" />
<meta name="twitter:description" content="Nueva York, Londres, Milán, París y Madrid. Todas las imágenes de los desfiles con las tendencias para el próximo verano. En directo y a un clic." />
<meta name="twitter:image" content="http://s3-eu-west-1.amazonaws.com/grazia-cdn/wp-content/uploads/sites/12/2016/09/07085354/GettyImages-118287133.jpg" />
<script type="application/ld+json" class="yoast-schema-graph">{"@context":"https://schema.org","@graph":[{"@type":"WebPage","@id":"https://graziamagazine.com/es/primavera-verano-2017-pret-porter/","url":"https://graziamagazine.com/es/primavera-verano-2017-pret-porter/","name":"Primavera-Verano 2017: Prêt-à-Porter | Grazia","isPartOf":{"@id":"https://graziamagazine.com/es/#website"},"datePublished":"2016-09-08T12:14:09+00:00","dateModified":"2016-09-08T12:35:25+00:00","description":"Nueva York, Londres, Milán, París y Madrid. Todas las imágenes de los desfiles con las tendencias para el próximo verano. En directo y a un clic.","breadcrumb":{"@id":"https://graziamagazine.com/es/primavera-verano-2017-pret-porter/#breadcrumb"},"inLanguage":"es","potentialAction":[{"@type":"ReadAction","target":["https://graziamagazine.com/es/primavera-verano-2017-pret-porter/"]}]},{"@type":"BreadcrumbList","@id":"https://graziamagazine.com/es/primavera-verano-2017-pret-porter/#breadcrumb","itemListElement":[{"@type":"ListItem","position":1,"name":"Portada","item":"https://graziamagazine.com/es/"},{"@type":"ListItem","position":2,"name":"Primavera-Verano 2017: Prêt-à-Porter"}]},{"@type":"WebSite","@id":"https://graziamagazine.com/es/#website","url":"https://graziamagazine.com/es/","name":"Grazia","description":"Moda, belleza, celebrities, estilo de vida...","potentialAction":[{"@type":"SearchAction","target":{"@type":"EntryPoint","urlTemplate":"https://graziamagazine.com/es/?s={search_term_string}"},"query-input":"required name=search_term_string"}],"inLanguage":"es"}]}</script>
<!-- / Yoast SEO Premium plugin. -->

Primavera-Verano 2017: Prêt-à-Porter | Grazia

Nueva York, Londres, Milán, París y Madrid. Todas las imágenes de los desfiles con las tendencias para el próximo verano. En directo y a un clic.
