{"version":"1.0","provider_name":"Grazia","provider_url":"https:\/\/graziamagazine.com\/es","author_name":"Celia Cuervo","author_url":"https:\/\/graziamagazine.com\/es\/author\/celia-cuervo\/","title":"20 frases ic\u00f3nicas de 'El diablo viste de Prada'","type":"rich","width":600,"height":338,"html":"<blockquote class=\"wp-embedded-content\" data-secret=\"JjJYVEyndh\"><a href=\"https:\/\/graziamagazine.com\/es\/articles\/20-frases-iconicas-diablo-viste-prada\/\">20 frases ic\u00f3nicas de &#8216;El diablo viste de Prada&#8217;<\/a><\/blockquote><iframe sandbox=\"allow-scripts\" security=\"restricted\" src=\"https:\/\/graziamagazine.com\/es\/articles\/20-frases-iconicas-diablo-viste-prada\/embed\/#?secret=JjJYVEyndh\" width=\"600\" height=\"338\" title=\"\u00ab20 frases ic\u00f3nicas de &#8216;El diablo viste de Prada&#8217;\u00bb \u2014 Grazia\" data-secret=\"JjJYVEyndh\" frameborder=\"0\" marginwidth=\"0\" marginheight=\"0\" scrolling=\"no\" class=\"wp-embedded-content\"><\/iframe><script type=\"text\/javascript\">\n\/* <![CDATA[ *\/\n\/*! This file is auto-generated *\/\n!function(d,l){\"use strict\";l.querySelector&&d.addEventListener&&\"undefined\"!=typeof URL&&(d.wp=d.wp||{},d.wp.receiveEmbedMessage||(d.wp.receiveEmbedMessage=function(e){var t=e.data;if((t||t.secret||t.message||t.value)&&!\/[^a-zA-Z0-9]\/.test(t.secret)){for(var s,r,n,a=l.querySelectorAll('iframe[data-secret=\"'+t.secret+'\"]'),o=l.querySelectorAll('blockquote[data-secret=\"'+t.secret+'\"]'),c=new RegExp(\"^https?:$\",\"i\"),i=0;i<o.length;i++)o[i].style.display=\"none\";for(i=0;i<a.length;i++)s=a[i],e.source===s.contentWindow&&(s.removeAttribute(\"style\"),\"height\"===t.message?(1e3<(r=parseInt(t.value,10))?r=1e3:~~r<200&&(r=200),s.height=r):\"link\"===t.message&&(r=new URL(s.getAttribute(\"src\")),n=new URL(t.value),c.test(n.protocol))&&n.host===r.host&&l.activeElement===s&&(d.top.location.href=t.value))}},d.addEventListener(\"message\",d.wp.receiveEmbedMessage,!1),l.addEventListener(\"DOMContentLoaded\",function(){for(var e,t,s=l.querySelectorAll(\"iframe.wp-embedded-content\"),r=0;r<s.length;r++)(t=(e=s[r]).getAttribute(\"data-secret\"))||(t=Math.random().toString(36).substring(2,12),e.src+=\"#?secret=\"+t,e.setAttribute(\"data-secret\",t)),e.contentWindow.postMessage({message:\"ready\",secret:t},\"*\")},!1)))}(window,document);\n\/* ]]> *\/\n<\/script>\n","description":"Lo creas o no, hoy se cumple una d\u00e9cada del estreno de una de las cintas m\u00e1s famosas que retratan la industria de la moda. Para celebrarlo, rescatamos los mejores latigazos de su gui\u00f3n para animarte a verla. S\u00ed, una vez m\u00e1s: Andy Sachs lo merece.","thumbnail_url":"https:\/\/graziamagazine.com\/es\/wp-content\/uploads\/sites\/12\/2016\/06\/28133139\/cover1_devil.jpg?fit=785%2C480","thumbnail_width":785,"thumbnail_height":480}

20 frases icónicas de 'El diablo viste de Prada'

<blockquote class="wp-embedded-content" data-secret="JjJYVEyndh"><a href="https://graziamagazine.com/es/articles/20-frases-iconicas-diablo-viste-prada/">20 frases icónicas de &#8216;El diablo viste de Prada&#8217;</a></blockquote><iframe sandbox="allow-scripts" security="restricted" src="https://graziamagazine.com/es/articles/20-frases-iconicas-diablo-viste-prada/embed/#?secret=JjJYVEyndh" width="600" height="338" title="«20 frases icónicas de &#8216;El diablo viste de Prada&#8217;» — Grazia" data-secret="JjJYVEyndh" frameborder="0" marginwidth="0" marginheight="0" scrolling="no" class="wp-embedded-content"></iframe><script type="text/javascript">
/* <![CDATA[ */
/*! This file is auto-generated */
!function(d,l){"use strict";l.querySelector&&d.addEventListener&&"undefined"!=typeof URL&&(d.wp=d.wp||{},d.wp.receiveEmbedMessage||(d.wp.receiveEmbedMessage=function(e){var t=e.data;if((t||t.secret||t.message||t.value)&&!/[^a-zA-Z0-9]/.test(t.secret)){for(var s,r,n,a=l.querySelectorAll('iframe[data-secret="'+t.secret+'"]'),o=l.querySelectorAll('blockquote[data-secret="'+t.secret+'"]'),c=new RegExp("^https?:$","i"),i=0;i<o.length;i++)o[i].style.display="none";for(i=0;i<a.length;i++)s=a[i],e.source===s.contentWindow&&(s.removeAttribute("style"),"height"===t.message?(1e3<(r=parseInt(t.value,10))?r=1e3:~~r<200&&(r=200),s.height=r):"link"===t.message&&(r=new URL(s.getAttribute("src")),n=new URL(t.value),c.test(n.protocol))&&n.host===r.host&&l.activeElement===s&&(d.top.location.href=t.value))}},d.addEventListener("message",d.wp.receiveEmbedMessage,!1),l.addEventListener("DOMContentLoaded",function(){for(var e,t,s=l.querySelectorAll("iframe.wp-embedded-content"),r=0;r<s.length;r++)(t=(e=s[r]).getAttribute("data-secret"))||(t=Math.random().toString(36).substring(2,12),e.src+="#?secret="+t,e.setAttribute("data-secret",t)),e.contentWindow.postMessage({message:"ready",secret:t},"*")},!1)))}(window,document);
/* ]]> */
</script>

Lo creas o no, hoy se cumple una década del estreno de una de las cintas más famosas que retratan la industria de la moda. Para celebrarlo, rescatamos los mejores latigazos de su guión para animarte a verla. Sí, una vez más: Andy Sachs lo merece.
